{"id":53,"date":"2025-11-13T02:39:11","date_gmt":"2025-11-13T02:39:11","guid":{"rendered":"https:\/\/www.ti0ati.org\/?page_id=53"},"modified":"2025-11-13T02:41:51","modified_gmt":"2025-11-13T02:41:51","slug":"repetidores","status":"publish","type":"page","link":"https:\/\/www.ti0ati.org\/?page_id=53","title":{"rendered":"Repetidores"},"content":{"rendered":"\n<p class=\"has-text-align-center\"><mark style=\"background-color:rgba(0, 0, 0, 0)\" class=\"has-inline-color has-black-color\">A continuaci\u00f3n, la lista de repetidoras que son de uso para los radioaficionados en Costa Rica.<\/mark><\/p>\n\n\n\n<!doctype html><html><head><meta charset=\"utf-8\">\n<style>\n.table-wrapper{width:100%;margin:0 auto;}\n.band-vhf td{background:#e6f0ff !important;}\n.band-uhf td{background:#fff0e0 !important;}\n@media(prefers-color-scheme:dark){\n  body{background:#111;color:#eee;}\n  table{background:#1a1a1a;color:#eee;border-color:#333;}\n  th{background:#222;color:#ddd;}\n  .band-vhf td{background:#0f1e33 !important;}\n  .band-uhf td{background:#331e00 !important;}\n}\ntable{width:100%;border-collapse:separate;border-spacing:0;border-radius:12px;border:1px solid #ccc;overflow:hidden;}\nth,td{padding:10px;border-bottom:1px solid #ddd;text-align:center;}\n<\/style><\/head><body>\n<div class=\"table-wrapper\">\n\n<div class=\"searchbar\" style=\"display:flex;justify-content:center;margin:12px 0;\">\n  <div style=\"display:flex;gap:10px;align-items:center;max-width:650px;width:100%;\">\n    <select id=\"campoFiltro\" style=\"padding:10px;border:1px solid #ccc;border-radius:10px;\">\n      <option value=\"todos\">Todos<\/option>\n      <option value=\"Banda\">Banda<\/option>\n      <option value=\"Modalidad\">Modalidad<\/option>\n      <option value=\"RX\">RX<\/option>\n      <option value=\"Ubicaci\u00f3n\">Ubicaci\u00f3n<\/option>\n    <\/select>\n    <div style=\"position:relative;flex:1;\">\n      <span style=\"position:absolute;left:10px;top:50%;transform:translateY(-50%);opacity:.7;\"><\/span>\n      <input id=\"tablaBuscador\" placeholder=\"Buscar...\" style=\"width:100%;padding:10px 10px 10px 32px;border:1px solid #ccc;border-radius:10px;\">\n    <\/div>\n  <\/div>\n<\/div>\n\n<table id=\"tablaFrecuencias\">\n<thead><tr><th>Banda<\/th><th>Modalidad<\/th><th>RX<\/th><th>TX<\/th><th>ENC<\/th><th>DEC<\/th><th>Color<\/th><th>Ranura<\/th><th>TG<\/th><th>Ubicaci\u00f3n<\/th><\/tr><\/thead>\n<tbody>\n<tr class=\"band-vhf\"><td data-label=\"Banda\">VHF<\/td><td data-label=\"Modalidad\">An\u00e1loga<\/td><td data-label=\"RX\">145.240<\/td><td data-label=\"TX\">144.640<\/td><td data-label=\"ENC\">131.8<\/td><td data-label=\"DEC\">131.8<\/td><td data-label=\"Color\">&#8211;<\/td><td data-label=\"Ranura\">&#8211;<\/td><td data-label=\"TG\">&#8211;<\/td><td data-label=\"Ubicaci\u00f3n\">Alto Roble<\/td><\/tr>\n<tr class=\"band-vhf\"><td data-label=\"Banda\">VHF<\/td><td data-label=\"Modalidad\">An\u00e1loga Back to Back<\/td><td data-label=\"RX\">145.270<\/td><td data-label=\"TX\">144.670<\/td><td data-label=\"ENC\">131.8<\/td><td data-label=\"DEC\">131.8<\/td><td data-label=\"Color\">&#8211;<\/td><td data-label=\"Ranura\">&#8211;<\/td><td data-label=\"TG\">&#8211;<\/td><td data-label=\"Ubicaci\u00f3n\">Cerro Azul<\/td><\/tr>\n<tr class=\"band-vhf\"><td data-label=\"Banda\">VHF<\/td><td data-label=\"Modalidad\">An\u00e1loga Back to Back<\/td><td data-label=\"RX\">145.300<\/td><td data-label=\"TX\">144.700<\/td><td data-label=\"ENC\">131.8<\/td><td data-label=\"DEC\">131.8<\/td><td data-label=\"Color\">&#8211;<\/td><td data-label=\"Ranura\">&#8211;<\/td><td data-label=\"TG\">&#8211;<\/td><td data-label=\"Ubicaci\u00f3n\">Monterrey<\/td><\/tr>\n<tr class=\"band-vhf\"><td data-label=\"Banda\">VHF<\/td><td data-label=\"Modalidad\">An\u00e1loga<\/td><td data-label=\"RX\">145.410<\/td><td data-label=\"TX\">144.810<\/td><td data-label=\"ENC\">131.8<\/td><td data-label=\"DEC\">&#8211;<\/td><td data-label=\"Color\">&#8211;<\/td><td data-label=\"Ranura\">&#8211;<\/td><td data-label=\"TG\">&#8211;<\/td><td data-label=\"Ubicaci\u00f3n\">Urbana \/ Turrialba Centro<\/td><\/tr>\n<tr class=\"band-vhf\"><td data-label=\"Banda\">VHF<\/td><td data-label=\"Modalidad\">An\u00e1loga<\/td><td data-label=\"RX\">145.470<\/td><td data-label=\"TX\">144.870<\/td><td data-label=\"ENC\">131.8<\/td><td data-label=\"DEC\">&#8211;<\/td><td data-label=\"Color\">&#8211;<\/td><td data-label=\"Ranura\">&#8211;<\/td><td data-label=\"TG\">&#8211;<\/td><td data-label=\"Ubicaci\u00f3n\">Repetidor Port\u00e1til Emergencia<\/td><\/tr>\n<tr class=\"band-vhf\"><td data-label=\"Banda\">VHF<\/td><td data-label=\"Modalidad\">An\u00e1loga<\/td><td data-label=\"RX\">145.650<\/td><td data-label=\"TX\">146.250<\/td><td data-label=\"ENC\">&#8211;<\/td><td data-label=\"DEC\">&#8211;<\/td><td data-label=\"Color\">&#8211;<\/td><td data-label=\"Ranura\">&#8211;<\/td><td data-label=\"TG\">&#8211;<\/td><td data-label=\"Ubicaci\u00f3n\">Cerro Paraguas<\/td><\/tr>\n<tr class=\"band-vhf\"><td data-label=\"Banda\">VHF<\/td><td data-label=\"Modalidad\">An\u00e1loga<\/td><td data-label=\"RX\">146.700<\/td><td data-label=\"TX\">146.100<\/td><td data-label=\"ENC\">131.8<\/td><td data-label=\"DEC\">131.8<\/td><td data-label=\"Color\">&#8211;<\/td><td data-label=\"Ranura\">&#8211;<\/td><td data-label=\"TG\">&#8211;<\/td><td data-label=\"Ubicaci\u00f3n\">San Isidro PZ<\/td><\/tr>\n<tr class=\"band-vhf\"><td data-label=\"Banda\">VHF<\/td><td data-label=\"Modalidad\">An\u00e1loga<\/td><td data-label=\"RX\">146.750<\/td><td data-label=\"TX\">146.150<\/td><td data-label=\"ENC\">123<\/td><td data-label=\"DEC\">&#8211;<\/td><td data-label=\"Color\">&#8211;<\/td><td data-label=\"Ranura\">&#8211;<\/td><td data-label=\"TG\">&#8211;<\/td><td data-label=\"Ubicaci\u00f3n\">San Juan de Chicu\u00e1<\/td><\/tr>\n<tr class=\"band-vhf\"><td data-label=\"Banda\">VHF<\/td><td data-label=\"Modalidad\">An\u00e1loga<\/td><td data-label=\"RX\">146.820<\/td><td data-label=\"TX\">146.220<\/td><td data-label=\"ENC\">131.8<\/td><td data-label=\"DEC\">131.8<\/td><td data-label=\"Color\">&#8211;<\/td><td data-label=\"Ranura\">&#8211;<\/td><td data-label=\"TG\">&#8211;<\/td><td data-label=\"Ubicaci\u00f3n\">Cerro Muerte<\/td><\/tr>\n<tr class=\"band-vhf\"><td data-label=\"Banda\">VHF<\/td><td data-label=\"Modalidad\">Mixta (C4FM)<\/td><td data-label=\"RX\">146.880<\/td><td data-label=\"TX\">146.280<\/td><td data-label=\"ENC\">131.8<\/td><td data-label=\"DEC\">131.8<\/td><td data-label=\"Color\">&#8211;<\/td><td data-label=\"Ranura\">&#8211;<\/td><td data-label=\"TG\">&#8211;<\/td><td data-label=\"Ubicaci\u00f3n\">Cerro Palmira<\/td><\/tr>\n<tr class=\"band-vhf\"><td data-label=\"Banda\">VHF<\/td><td data-label=\"Modalidad\">An\u00e1loga<\/td><td data-label=\"RX\">147.000<\/td><td data-label=\"TX\">147.600<\/td><td data-label=\"ENC\">131.8<\/td><td data-label=\"DEC\">&#8211;<\/td><td data-label=\"Color\">&#8211;<\/td><td data-label=\"Ranura\">&#8211;<\/td><td data-label=\"TG\">&#8211;<\/td><td data-label=\"Ubicaci\u00f3n\">Bosque de la Hoja<\/td><\/tr>\n<tr class=\"band-vhf\"><td data-label=\"Banda\">VHF<\/td><td data-label=\"Modalidad\">An\u00e1loga<\/td><td data-label=\"RX\">147.100<\/td><td data-label=\"TX\">147.700<\/td><td data-label=\"ENC\">131.8<\/td><td data-label=\"DEC\">131.8<\/td><td data-label=\"Color\">&#8211;<\/td><td data-label=\"Ranura\">&#8211;<\/td><td data-label=\"TG\">&#8211;<\/td><td data-label=\"Ubicaci\u00f3n\">Cerro Palmira<\/td><\/tr>\n<tr class=\"band-vhf\"><td data-label=\"Banda\">VHF<\/td><td data-label=\"Modalidad\">An\u00e1loga<\/td><td data-label=\"RX\">147.120<\/td><td data-label=\"TX\">147.720<\/td><td data-label=\"ENC\">131.8<\/td><td data-label=\"DEC\">131.8<\/td><td data-label=\"Color\">&#8211;<\/td><td data-label=\"Ranura\">&#8211;<\/td><td data-label=\"TG\">&#8211;<\/td><td data-label=\"Ubicaci\u00f3n\">Volc\u00e1n Iraz\u00fa Este<\/td><\/tr>\n<tr class=\"band-vhf\"><td data-label=\"Banda\">VHF<\/td><td data-label=\"Modalidad\">An\u00e1loga<\/td><td data-label=\"RX\">147.150<\/td><td data-label=\"TX\">147.750<\/td><td data-label=\"ENC\">131.8<\/td><td data-label=\"DEC\">131.8<\/td><td data-label=\"Color\">&#8211;<\/td><td data-label=\"Ranura\">&#8211;<\/td><td data-label=\"TG\">&#8211;<\/td><td data-label=\"Ubicaci\u00f3n\">Cerro Socola<\/td><\/tr>\n<tr class=\"band-vhf\"><td data-label=\"Banda\">VHF<\/td><td data-label=\"Modalidad\">Mixta (DMR)<\/td><td data-label=\"RX\">147.200<\/td><td data-label=\"TX\">147.800<\/td><td data-label=\"ENC\">123<\/td><td data-label=\"DEC\">123<\/td><td data-label=\"Color\">15<\/td><td data-label=\"Ranura\">1<\/td><td data-label=\"TG\">147800<\/td><td data-label=\"Ubicaci\u00f3n\">Cerro Bebedero<\/td><\/tr>\n<tr class=\"band-vhf\"><td data-label=\"Banda\">VHF<\/td><td data-label=\"Modalidad\">An\u00e1loga<\/td><td data-label=\"RX\">147.300<\/td><td data-label=\"TX\">147.900<\/td><td data-label=\"ENC\">123<\/td><td data-label=\"DEC\">123<\/td><td data-label=\"Color\">&#8211;<\/td><td data-label=\"Ranura\">&#8211;<\/td><td data-label=\"TG\">&#8211;<\/td><td data-label=\"Ubicaci\u00f3n\">Volc\u00e1n Po\u00e1s<\/td><\/tr>\n<tr class=\"band-vhf\"><td data-label=\"Banda\">VHF<\/td><td data-label=\"Modalidad\">An\u00e1loga<\/td><td data-label=\"RX\">147.300<\/td><td data-label=\"TX\">147.900<\/td><td data-label=\"ENC\">131.8<\/td><td data-label=\"DEC\">131.8<\/td><td data-label=\"Color\">&#8211;<\/td><td data-label=\"Ranura\">&#8211;<\/td><td data-label=\"TG\">&#8211;<\/td><td data-label=\"Ubicaci\u00f3n\">Santa Marta PZ<\/td><\/tr>\n<tr class=\"band-vhf\"><td data-label=\"Banda\">VHF<\/td><td data-label=\"Modalidad\">An\u00e1loga<\/td><td data-label=\"RX\">147.360<\/td><td data-label=\"TX\">147.960<\/td><td data-label=\"ENC\">131.8<\/td><td data-label=\"DEC\">131.8<\/td><td data-label=\"Color\">&#8211;<\/td><td data-label=\"Ranura\">&#8211;<\/td><td data-label=\"TG\">&#8211;<\/td><td data-label=\"Ubicaci\u00f3n\">Divisi\u00f3n<\/td><\/tr>\n<tr class=\"band-vhf\"><td data-label=\"Banda\">VHF<\/td><td data-label=\"Modalidad\">An\u00e1loga<\/td><td data-label=\"RX\">147.390<\/td><td data-label=\"TX\">147.990<\/td><td data-label=\"ENC\">131.8<\/td><td data-label=\"DEC\">131.8<\/td><td data-label=\"Color\">&#8211;<\/td><td data-label=\"Ranura\">&#8211;<\/td><td data-label=\"TG\">&#8211;<\/td><td data-label=\"Ubicaci\u00f3n\">Cerro Paraguas<\/td><\/tr>\n<tr class=\"band-vhf\"><td data-label=\"Banda\">VHF<\/td><td data-label=\"Modalidad\">An\u00e1loga<\/td><td data-label=\"RX\">224.700<\/td><td data-label=\"TX\">223.100<\/td><td data-label=\"ENC\">67<\/td><td data-label=\"DEC\">&#8211;<\/td><td data-label=\"Color\">&#8211;<\/td><td data-label=\"Ranura\">&#8211;<\/td><td data-label=\"TG\">&#8211;<\/td><td data-label=\"Ubicaci\u00f3n\">Cerro Socola<\/td><\/tr>\n<tr class=\"band-uhf\"><td data-label=\"Banda\">UHF<\/td><td data-label=\"Modalidad\">An\u00e1loga<\/td><td data-label=\"RX\">438.800<\/td><td data-label=\"TX\">433.800<\/td><td data-label=\"ENC\">131.8<\/td><td data-label=\"DEC\">131.8<\/td><td data-label=\"Color\">&#8211;<\/td><td data-label=\"Ranura\">&#8211;<\/td><td data-label=\"TG\">&#8211;<\/td><td data-label=\"Ubicaci\u00f3n\">Bosque de la Hoja<\/td><\/tr>\n<tr class=\"band-uhf\"><td data-label=\"Banda\">UHF<\/td><td data-label=\"Modalidad\">Mixta (C4FM)<\/td><td data-label=\"RX\">439.440<\/td><td data-label=\"TX\">434.440<\/td><td data-label=\"ENC\">131.8<\/td><td data-label=\"DEC\">131.8<\/td><td data-label=\"Color\">&#8211;<\/td><td data-label=\"Ranura\">&#8211;<\/td><td data-label=\"TG\">&#8211;<\/td><td data-label=\"Ubicaci\u00f3n\">Cerro Socola<\/td><\/tr>\n<tr class=\"band-uhf\"><td data-label=\"Banda\">UHF<\/td><td data-label=\"Modalidad\">An\u00e1loga<\/td><td data-label=\"RX\">439.470<\/td><td data-label=\"TX\">434.470<\/td><td data-label=\"ENC\">131.8<\/td><td data-label=\"DEC\">131.8<\/td><td data-label=\"Color\">&#8211;<\/td><td data-label=\"Ranura\">&#8211;<\/td><td data-label=\"TG\">&#8211;<\/td><td data-label=\"Ubicaci\u00f3n\">Urbana \/ Turrialba Centro<\/td><\/tr>\n<tr class=\"band-uhf\"><td data-label=\"Banda\">UHF<\/td><td data-label=\"Modalidad\">An\u00e1loga<\/td><td data-label=\"RX\">439.550<\/td><td data-label=\"TX\">434.550<\/td><td data-label=\"ENC\">131.8<\/td><td data-label=\"DEC\">131.8<\/td><td data-label=\"Color\">&#8211;<\/td><td data-label=\"Ranura\">&#8211;<\/td><td data-label=\"TG\">&#8211;<\/td><td data-label=\"Ubicaci\u00f3n\">Cerro Palmira<\/td><\/tr>\n<tr class=\"band-uhf\"><td data-label=\"Banda\">UHF<\/td><td data-label=\"Modalidad\">Digital<\/td><td data-label=\"RX\">439.850<\/td><td data-label=\"TX\">434.850<\/td><td data-label=\"ENC\">&#8211;<\/td><td data-label=\"DEC\">&#8211;<\/td><td data-label=\"Color\">1<\/td><td data-label=\"Ranura\">1<\/td><td data-label=\"TG\">712<\/td><td data-label=\"Ubicaci\u00f3n\">Cerro Socola<\/td><\/tr>\n<tr class=\"band-uhf\"><td data-label=\"Banda\">UHF<\/td><td data-label=\"Modalidad\">An\u00e1loga<\/td><td data-label=\"RX\">439.880<\/td><td data-label=\"TX\">434.880<\/td><td data-label=\"ENC\">131.8<\/td><td data-label=\"DEC\">131.8<\/td><td data-label=\"Color\">&#8211;<\/td><td data-label=\"Ranura\">&#8211;<\/td><td data-label=\"TG\">&#8211;<\/td><td data-label=\"Ubicaci\u00f3n\">Santa Marta PZ<\/td><\/tr>\n<tr class=\"band-uhf\"><td data-label=\"Banda\">UHF<\/td><td data-label=\"Modalidad\">Digital<\/td><td data-label=\"RX\">439.900<\/td><td data-label=\"TX\">434.900<\/td><td data-label=\"ENC\">&#8211;<\/td><td data-label=\"DEC\">&#8211;<\/td><td data-label=\"Color\">1<\/td><td data-label=\"Ranura\">1<\/td><td data-label=\"TG\">712<\/td><td data-label=\"Ubicaci\u00f3n\">Perez Zeledon<\/td><\/tr>\n<tr class=\"band-uhf\"><td data-label=\"Banda\">UHF<\/td><td data-label=\"Modalidad\">Mixta (DMR)<\/td><td data-label=\"RX\">439.950<\/td><td data-label=\"TX\">434.950<\/td><td data-label=\"ENC\">123<\/td><td data-label=\"DEC\">123<\/td><td data-label=\"Color\">15<\/td><td data-label=\"Ranura\">1<\/td><td data-label=\"TG\">147800<\/td><td data-label=\"Ubicaci\u00f3n\">Cerro Bebedero<\/td><\/tr>\n<\/tbody><\/table><\/div>\n<script>\nconst bus=document.getElementById(\"tablaBuscador\");\nconst campo=document.getElementById(\"campoFiltro\");\nconst tbody=document.querySelector(\"#tablaFrecuencias tbody\");\nfunction filtrar(){\n  const q=(bus.value||\"\").toLowerCase();\n  const f=campo.value;\n  const idx={\"Banda\":0,\"Modalidad\":1,\"RX\":2,\"TX\":3,\"ENC\":4,\"DEC\":5,\"Color\":6,\"Ranura\":7,\"TG\":8,\"Ubicaci\u00f3n\":9};\n  for(const row of tbody.rows){\n    let ok=false;\n    if(f===\"todos\"){\n      for(const c of row.cells) if(c.textContent.toLowerCase().includes(q)){ok=true;break;}\n    } else {\n      const c=row.cells[idx[f]];\n      if(c && c.textContent.toLowerCase().includes(q)) ok=true;\n    }\n    row.style.display=ok?\"\":\"none\";\n  }\n}\nbus.addEventListener(\"input\",filtrar);\ncampo.addEventListener(\"change\",filtrar);\n<\/script>\n<\/body><\/html>\n\n\n\n<p><mark style=\"background-color:rgba(0, 0, 0, 0)\" class=\"has-inline-color has-black-color\">Estos repetidores son operados por (sin ning\u00fan orden particular):<\/mark><\/p>\n\n\n\n<ul class=\"wp-block-list\">\n<li><mark style=\"background-color:rgba(0, 0, 0, 0)\" class=\"has-inline-color has-black-color\">Asociaci\u00f3n Actualidad Tango India<\/mark><\/li>\n\n\n\n<li><mark style=\"background-color:rgba(0, 0, 0, 0)\" class=\"has-inline-color has-black-color\">Asociaci\u00f3n Ecos del Norte<\/mark><\/li>\n\n\n\n<li><mark style=\"background-color:rgba(0, 0, 0, 0)\" class=\"has-inline-color has-black-color\">Asociaci\u00f3n Radio Club de Costa Rica<\/mark><\/li>\n\n\n\n<li><mark style=\"background-color:rgba(0, 0, 0, 0)\" class=\"has-inline-color has-black-color\">Asociaci\u00f3n Radioaficionados Cartago ARC<\/mark><\/li>\n\n\n\n<li><mark style=\"background-color:rgba(0, 0, 0, 0)\" class=\"has-inline-color has-black-color\">Asociaci\u00f3n Radioaficionados Herediana<\/mark><\/li>\n\n\n\n<li><mark style=\"background-color:rgba(0, 0, 0, 0)\" class=\"has-inline-color has-black-color\">Asociaci\u00f3n Radioaficionados Zona Sur<\/mark><\/li>\n\n\n\n<li><mark style=\"background-color:rgba(0, 0, 0, 0)\" class=\"has-inline-color has-black-color\">Asociaci\u00f3n Turrialbe\u00f1a de Radioaficionados<\/mark><\/li>\n<\/ul>\n\n\n\n<p><mark style=\"background-color:rgba(0, 0, 0, 0)\" class=\"has-inline-color has-black-color\">Adem\u00e1s puedes descarga aqu\u00ed el <a href=\"https:\/\/www.ti0ati.org\/wp-content\/uploads\/2025\/11\/Lista_RPT.pdf\" data-type=\"link\" data-id=\"https:\/\/www.ti0ati.org\/wp-content\/uploads\/2025\/11\/Lista_RPT.pdf\">PDF<\/a> con la tabla detallada.<\/mark><\/p>\n\n\n\n<p><\/p>\n","protected":false},"excerpt":{"rendered":"<p>A continuaci\u00f3n, la lista de repetidoras que son de uso para los radioaficionados en Costa Rica. TodosBandaModalidadRXUbicaci\u00f3n Banda Modalidad RX TX ENC DEC Color Ranura TG Ubicaci\u00f3n VHF An\u00e1loga 145.240 144.640 131.8 131.8 &#8211; &#8211; &#8211; Alto Roble VHF An\u00e1loga Back to Back 145.270 144.670 131.8 131.8 &#8211; &#8211; &#8211; Cerro Azul VHF An\u00e1loga Back [&hellip;]<\/p>\n","protected":false},"author":2,"featured_media":0,"parent":0,"menu_order":0,"comment_status":"closed","ping_status":"closed","template":"","meta":{"footnotes":""},"class_list":["post-53","page","type-page","status-publish","hentry"],"_links":{"self":[{"href":"https:\/\/www.ti0ati.org\/index.php?rest_route=\/wp\/v2\/pages\/53","targetHints":{"allow":["GET"]}}],"collection":[{"href":"https:\/\/www.ti0ati.org\/index.php?rest_route=\/wp\/v2\/pages"}],"about":[{"href":"https:\/\/www.ti0ati.org\/index.php?rest_route=\/wp\/v2\/types\/page"}],"author":[{"embeddable":true,"href":"https:\/\/www.ti0ati.org\/index.php?rest_route=\/wp\/v2\/users\/2"}],"replies":[{"embeddable":true,"href":"https:\/\/www.ti0ati.org\/index.php?rest_route=%2Fwp%2Fv2%2Fcomments&post=53"}],"version-history":[{"count":27,"href":"https:\/\/www.ti0ati.org\/index.php?rest_route=\/wp\/v2\/pages\/53\/revisions"}],"predecessor-version":[{"id":81,"href":"https:\/\/www.ti0ati.org\/index.php?rest_route=\/wp\/v2\/pages\/53\/revisions\/81"}],"wp:attachment":[{"href":"https:\/\/www.ti0ati.org\/index.php?rest_route=%2Fwp%2Fv2%2Fmedia&parent=53"}],"curies":[{"name":"wp","href":"https:\/\/api.w.org\/{rel}","templated":true}]}}